{"version":"1.0","provider_name":"Notiagro","provider_url":"https:\/\/www.agromundo.co\/blog","author_name":"admin","author_url":"https:\/\/www.agromundo.co\/blog\/author\/admin\/","title":"Se inicia Agroferia 2013 de Bucaramanga - Notiagro","type":"rich","width":600,"height":338,"html":"<blockquote class=\"wp-embedded-content\"><a href=\"https:\/\/www.agromundo.co\/blog\/se-inicia-agroferia-2013-de-bucaramanga\/\">Se inicia Agroferia 2013 de Bucaramanga<\/a><\/blockquote>\n<script type='text\/javascript'>\n<!--\/\/--><![CDATA[\/\/><!--\n\t\t\/*! This file is auto-generated *\/\n\t\t!function(d,l){\"use strict\";var e=!1,n=!1;if(l.querySelector)if(d.addEventListener)e=!0;if(d.wp=d.wp||{},!d.wp.receiveEmbedMessage)if(d.wp.receiveEmbedMessage=function(e){var t=e.data;if(t)if(t.secret||t.message||t.value)if(!\/[^a-zA-Z0-9]\/.test(t.secret)){for(var r,i,a,s=l.querySelectorAll('iframe[data-secret=\"'+t.secret+'\"]'),n=l.querySelectorAll('blockquote[data-secret=\"'+t.secret+'\"]'),o=new RegExp(\"^https?:$\",\"i\"),c=0;c<n.length;c++)n[c].style.display=\"none\";for(c=0;c<s.length;c++)if(r=s[c],e.source===r.contentWindow){if(r.removeAttribute(\"style\"),\"height\"===t.message){if(1e3<(a=parseInt(t.value,10)))a=1e3;else if(~~a<200)a=200;r.height=a}if(\"link\"===t.message)if(i=l.createElement(\"a\"),a=l.createElement(\"a\"),i.href=r.getAttribute(\"src\"),a.href=t.value,o.test(a.protocol))if(a.host===i.host)if(l.activeElement===r)d.top.location.href=t.value}}},e)d.addEventListener(\"message\",d.wp.receiveEmbedMessage,!1),l.addEventListener(\"DOMContentLoaded\",t,!1),d.addEventListener(\"load\",t,!1);function t(){if(!n){n=!0;for(var e,t,r=-1!==navigator.appVersion.indexOf(\"MSIE 10\"),i=!!navigator.userAgent.match(\/Trident.*rv:11\\.\/),a=l.querySelectorAll(\"iframe.wp-embedded-content\"),s=0;s<a.length;s++){if(!(e=a[s]).getAttribute(\"data-secret\"))t=Math.random().toString(36).substr(2,10),e.src+=\"#?secret=\"+t,e.setAttribute(\"data-secret\",t);if(r||i)(t=e.cloneNode(!0)).removeAttribute(\"security\"),e.parentNode.replaceChild(t,e)}}}}(window,document);\n\/\/--><!]]>\n<\/script><iframe sandbox=\"allow-scripts\" security=\"restricted\" src=\"https:\/\/www.agromundo.co\/blog\/se-inicia-agroferia-2013-de-bucaramanga\/embed\/\" width=\"600\" height=\"338\" title=\"\u00abSe inicia Agroferia 2013 de Bucaramanga\u00bb \u2014 Notiagro\" frameborder=\"0\" marginwidth=\"0\" marginheight=\"0\" scrolling=\"no\" class=\"wp-embedded-content\"><\/iframe>","thumbnail_url":"https:\/\/www.agromundo.co\/blog\/wp-content\/uploads\/2013\/04\/Bucaramanga.jpg","thumbnail_width":269,"thumbnail_height":155,"description":"\u00a0 Entre el 13 y el 21 de abril de 2013, durante 8 d\u00edas, se llevar\u00e1 a cabo la feria exposici\u00f3n\u00a0 agropecuaria de Bucaramanga, considerada como el evento de este g\u00e9nero m\u00e1s importante del oriente colombiano. El evento inicia con la XXIII exposici\u00f3n equina grado B, que contar\u00e1 con la participaci\u00f3n de aproximadamente 250 ejemplares [&hellip;]"}

Entre el 13 y el 21 de abril de 2013, durante 8 días, se llevará a cabo la feria exposición  agropecuaria de Bucaramanga, considerada como el evento de este género más importante del oriente colombiano. El evento inicia con la XXIII exposición equina grado B, que contará con la participación de aproximadamente 250 ejemplares [&hellip;]
